 -f**3 + 9*f**2 + 5*f - 8. What is the units digit of r(a)?
6
Let k = 39035 - 22824. What is the hundreds digit of k?
2
Suppose 4*d - 28 + 12 = 0. Suppose -k = -d*y - 194, -2*k + 436 = -3*y + 68. What is the tens digit of k?
7
Suppose 3*p + 93001 = 5*m, -p = -4*m + 69431 + 4960. What is the units digit of m?
6
Let l = 35880 + 19380. What is the tens digit of l?
6
Suppose -63 + 69 = d. Suppose 0 = 3*u + 15, a + d*u - 658 = 2*u. Suppose -a = -3*l + c, 2*l - 904 = -2*l + 4*c. What is the hundreds digit of l?
2
Suppose b - c - 256 = 0, -5*c - 1023 = -4*b - 2*c. Suppose -3 = -3*f + 6. Suppose -z = -f*o + b, -8*z = -o - 3*z + 99. What is the tens digit of o?
8
Let v(p) = -p**3 + 15*p**2 + 2*p - 37. Suppose -4*k = a - 55, 5*k = a - 0*a + 80. Let s be v(k). Let z = 53 - s. What is the units digit of z?
0
Let f = -92 - -79. Let r = f + 25. Suppose -10*p = -r*p + 26. What is the units digit of p?
3
Let m = -202 + 206. Suppose -c + 76 = -m*x, 5*c = 7*c + 2*x - 102. What is the units digit of c?
6
Let i be (-3)/60*4 + 62/10. What is the tens digit of 7*(321/i)/(2/4)?
4
Suppose -5*m - 21650 = -15*m. Let s = m + -782. What is the thousands digit of s?
1
Let s(v) = -v**3 - v**2 - 8*v - 28. Let t be s(-3). Let a(q) = 1. Let z(g) = -12*g - 60. Let b(j) = 3*a(j) - z(j). What is the hundreds digit of b(t)?
2
Let c be (-4 + 18)/7 + 2387. Let f = c - 1330. What is the hundreds digit of f?
0
Let z(s) = -s**3 - 5*s**2 - 9*s - 7. Let q be z(-3). Suppose -4*f - 3*h + 409 = 0, 174 = q*f - h - 33. What is the hundreds digit of f?
1
What is the thousands digit of 216/252 + 100/14 + 26344?
6
Suppose 12*j + 5 - 41 = 0. Let x be j*3/(9/7). Suppose -x*t = 2*t - 108. What is the tens digit of t?
1
Let s(z) = -22 - 2 - 22 - 26*z + 9. Let j be s(7). Let k = j - -329. What is the hundreds digit of k?
1
Suppose 2*d = q - 26, -4*q - 101 = 2*d - 95. Suppose 0 = -3*u - 0*u + 84. What is the tens digit of 112/u - (1 + d)?
1
Suppose 14*n + 14 = 15*n. Let v = 357 + n. What is the units digit of v?
1
Suppose 5*s - 4*b = 7*s - 50, -26 = -2*s + 4*b. Suppose -25*z = -s*z - 1086. What is the tens digit of z?
8
Let f = 277 - 130. Suppose -n + 450 = f. What is the hundreds digit of n?
3
Let r(s) = -21*s + 18. Let h(w) = w. Let n(m) = -2*h(m) - r(m). What is the tens digit of n(3)?
3
Let q(h) = h**2 - 51*h - 34. Let f(x) = x**2 - 100*x - 67. Let z(s) = -3*f(s) + 5*q(s). What is the hundreds digit of z(-25)?
1
Let v = 14 + -22. Let x(u) = u**2 + 8*u + 3. Let o be x(v). Suppose -w - o*w = 2*p - 116, 0 = -w - 3. What is the units digit of p?
4
Let f be (-3 - 5/(-5)) + 2. Let j be (3 - -116) + (f - -2). Let l = j + 1. What is the hundreds digit of l?
1
Let b = -28448 + 59949. What is the tens digit of b?
0
Suppose 0 = -5*h - 5, -3*n - 5*h + h = 19. Let c(b) = -19*b + 3. Let w(j) = -40*j + 6. Let q(y) = n*c(y) + 2*w(y). What is the units digit of q(4)?
7
Let j(m) = 4*m + 30. Let i be j(-7). Suppose 4*z + 10 - i = 0. Let g = z - -19. What is the tens digit of g?
1
Suppose 20*s + 73 = 1453. Let p(w) = -w**3 + 3*w**2 - 2*w + 1. Let x be p(5). Let a = s + x. What is the units digit of a?
0
Suppose -4049 = -4*r + 3*d - 355, 0 = 2*r + 3*d - 1856. Suppose 53*f + r = 58*f. What is the units digit of f?
5
Suppose -5*j - 564 = -3*c - 1786, 5*j = -4*c + 1194. Let p = 896 - j. What is the hundreds digit of p?
6
Let b(k) = -8*k**3 + 7*k**2 + 23*k + 16. What is the units digit of b(-4)?
8
Let v be (-687)/2*16/(-12). Let o = v + -252. Let x = -117 + o. What is the tens digit of x?
8
Let u(h) be the second derivative of 38*h**4/3 - 11*h**3/3 - 29*h**2 + 158*h + 1. What is the hundreds digit of u(-3)?
3
Let o(v) = 758*v + 1210. What is the hundreds digit of o(6)?
7
Let z = -23 - -29. Suppose -2*u - z = -16. Suppose 2*n = 4*w - 122, w - 17 = u*n - 0*n. What is the units digit of w?
2
Let f(s) = 133*s**2 + 38*s - 240. What is the ten thousands digit of f(-18)?
4
Let u be -4*(-4184)/(-16)*-1. Let d = 1728 - u. What is the hundreds digit of d?
6
Suppose 0 = 22*c - 144*c + 389546. What is the tens digit of c?
9
Let a = -3 - -2. Suppose 64*i + 11919 = 256271. What is the tens digit of i/69*(-3)/a?
6
Suppose -4714*n = -4720*n + 234. Let v be ((-137)/(-4))/(1/4). Let k = n + v. What is the tens digit of k?
7
What is the tens digit of (-40)/14 - (-709504)/112?
3
Let y = -3214 - -4307. What is the tens digit of y?
9
Suppose -27*y + 16*y + 68277 = 0. What is the tens digit of y?
0
Suppose 5*u - 2*u = 5*s + 463, -143 = -u - 4*s. Let b = u - 115. What is the units digit of b?
6
Suppose 76*c - 20 = 72*c, 4*c = r - 3591. What is the thousands digit of r?
3
Let s = -693 + 705. Suppose -28177 = -s*d - 2881. What is the thousands digit of d?
2
What is the units digit of ((-42)/35)/(1 - (-1117)/(-1115))?
9
Suppose 25*k = 14*k - 22. What is the hundreds digit of (-101888)/(-288) + k/(-9)?
3
Let i(a) = -201*a + 111. Let q be -7 - ((-4)/14)/((-2)/(-28)). What is the hundreds digit of i(q)?
7
Let j be (-3)/(-3*2/20). Suppose 9 = 3*m - 3*k, 3*m - 11 = -k + j. Suppose -o + 21 = -c + 3*c, 2*o - 5*c = m. What is the units digit of o?
3
Suppose 73*l - 14320176 = -68*l - 67*l. What is the units digit of l?
7
Suppose 5*r + 2*b - 16 + 22 = 0, -r + 15 = -5*b. Suppose r*x + 34*x = 22746. What is the tens digit of x?
6
Suppose 5*a = 3*u + 346 + 366, 4*u + 436 = 3*a. What is the units digit of (10 + a)/(6/(2 + 1))?
5
Suppose 5*h + 40 = 5*q, -9 = -2*q - 3*h - 13. Suppose q*g + 4*k - 524 = 0, -4*k + 2 + 10 = 0. What is the tens digit of g?
2
Let w be -4 + 759 + -1 + -2. Suppose w = 9*x - 175. Suppose -149 - x = -4*o. What is the units digit of o?
3
Suppose 141*d - 4614709 = -1296133. What is the hundreds digit of d?
5
Let d = -109763 + 165093. What is the hundreds digit of d?
3
Let u(o) = -o**2 - 10*o - 1. Let k be u(-7). Suppose 2*b - 5*l - 56 = -k, b - 18 = -3*l. What is the units digit of (-3 + b*5)/1?
7
Let i(p) = 131*p**2 - 74*p + 20. What is the thousands digit of i(-9)?
1
Suppose -3*f = 3*s - 8790, -2*s = -4*f + 11915 - 219. What is the thousands digit of f?
2
Let m = 35300 - 20751. What is the units digit of m?
9
Let d be 0*(-2 - (-15)/6). Suppose d = 22*b - 15*b - 903. What is the units digit of b?
9
Let t = 54 - -8. Let a(x) = 4*x**3 + x. Let p be a(1). Suppose -h - 16 = -p*h, l - t = -2*h. What is the units digit of l?
4
Let f(n) = -27*n + 7. Let w(m) = m**3 + 16*m**2 - 16*m - 41. Let p be w(-17). Let r = p - -57. What is the units digit of f(r)?
4
Let g be -39*(3 - 4/4). Let n = 89 - g. What is the tens digit of (-2 - (0 + -3)) + n?
6
Suppose 4*s - 10 = 5*i, -1 = -3*i - 3*s + 4*s. Let f = 2 - -2. Suppose -i*j = 2*o + o - 131, 3*j = -f*o + 198. What is the units digit of j?
0
Suppose -356*d - l = -360*d + 15533, 5*d - 3*l = 19425. What is the hundreds digit of d?
8
Let a(g) be the first derivative of -g**4 + 2*g**3/3 + 26. Let p be -9*(-3)/((-27)/3). What is the tens digit of a(p)?
2
Let t(h) = h**2 - 3*h - 655. Let q be t(0). Let d = -466 - q. What is the units digit of d?
9
Let r be (-322 + 4)*(-4)/24. Suppose -r*x - 1272 = -57*x. What is the units digit of x?
8
Let j(i) = -i**3 - 47*i**2 + 77*i - 159. What is the units digit of j(-50)?
1
Suppose a + 0*a - 1 = 0. Let s be 10/(1/(112/(-20) + 6)). What is the tens digit of a/s - 103/(-4)?
2
Let a = 4910 + -1770. What is the tens digit of a?
4
Suppose 6*f - 2951 - 1723 = 0. What is the hundreds digit of f?
7
Suppose 6*n = 7*n - 338. Let w = n + -486. What is the hundreds digit of 5/(-2)*w/20*6?
1
What is the tens digit of (-2228877)/(-378) - (-22)/4?
0
Let b(l) = -l**2 - 27*l + 76. Let d be b(-31). What is the hundreds digit of (d/20)/(12/(-1160) - 0)?
2
Let x(u) = 4*u - 23. Let h(w) = w**2 - 9*w + 28. Let v be h(14). Suppose -7*t = -v - 21. What is the tens digit of x(t)?
4
Suppose -40*v + 3244412 = 124*v. What is the tens digit of v?
8
Suppose -3*o - 14789 = -5*y, 4*y - 5*o + 1306 = 13132. What is the hundreds digit of y?
9
Suppose 4*l - 4*p - 82116 = 0, 104*l - 5*p = 102*l + 41052. What is the ten thousands digit of l?
2
Suppose -3*z = -4*y + 6, 0 = -y + 2*z - 3*z + 5. Suppose -4*d + 5*q + 2739 = 0, -y*q + 396 = d - 276. What is the units digit of d?
1
Suppose 18186 = 189*y - 27174. What is the hundreds digit of y?
2
Let a(x) = 17*x**2 + 4*x + 1. Let l(o) = -16*o + 12*o + 5*o. Let y(